
{"id":14642,"date":"2022-07-01T14:42:08","date_gmt":"2022-07-01T14:42:08","guid":{"rendered":"https:\/\/swanseacollegeofartsummershows.org\/2022\/?page_id=14642"},"modified":"2022-08-04T15:21:30","modified_gmt":"2022-08-04T15:21:30","slug":"cy","status":"publish","type":"page","link":"https:\/\/swanseacollegeofartsummershows.org\/2022\/architecture\/cy\/","title":{"rendered":"Pensaern\u00efaeth"},"content":{"rendered":"\t\t<div data-elementor-type=\"wp-page\" data-elementor-id=\"14642\" class=\"elementor elementor-14642\">\n\t\t\t\t\t\t\t\t\t<section class=\"premium-parallax-section-hide elementor-section elementor-top-section elementor-element elementor-element-ad0e87d elementor-section-height-full elementor-section-content-middle elementor-section-items-top premium-parallax-yes elementor-section-boxed elementor-section-height-default\" data-pa-parallax=\"{&quot;type&quot;:&quot;scroll&quot;,&quot;speed&quot;:0.9,&quot;android&quot;:1,&quot;ios&quot;:1,&quot;size&quot;:&quot;cover&quot;,&quot;position&quot;:&quot;center center&quot;,&quot;positiont&quot;:null,&quot;positionm&quot;:null,&quot;repeat&quot;:&quot;&quot;}\" data-id=\"ad0e87d\" data-element_type=\"section\" data-settings=\"{&quot;background_background&quot;:&quot;classic&quot;}\">\n\t\t\t\t\t\t\t<div class=\"elementor-background-overlay\"><\/div>\n\t\t\t\t\t\t\t<div class=\"elementor-container elementor-column-gap-no\">\n\t\t\t\t\t<div class=\"elementor-column elementor-col-100 elementor-top-column elementor-element elementor-element-3109ba9a\" data-id=\"3109ba9a\" data-element_type=\"column\">\n\t\t\t<div class=\"elementor-widget-wrap elementor-element-populated\">\n\t\t\t\t\t\t\t\t<div class=\"elementor-element elementor-element-5e654760 headings elementor-widget elementor-widget-heading\" data-id=\"5e654760\" data-element_type=\"widget\" data-widget_type=\"heading.default\">\n\t\t\t\t<div class=\"elementor-widget-container\">\n\t\t\t<h1 class=\"elementor-heading-title elementor-size-small\">Pensaern\u00efaeth<\/h1>\t\t<\/div>\n\t\t\t\t<\/div>\n\t\t\t\t<div class=\"elementor-element elementor-element-78389a9b elementor-widget elementor-widget-text-editor\" data-id=\"78389a9b\" data-element_type=\"widget\" data-widget_type=\"text-editor.default\">\n\t\t\t\t<div class=\"elementor-widget-container\">\n\t\t\t\t\t\t\t\t\t\t\t\t\t<\/div>\n\t\t\t\t<\/div>\n\t\t\t\t\t<\/div>\n\t\t<\/div>\n\t\t\t\t\t\t\t<\/div>\n\t\t<\/section>\n\t\t\t\t<section class=\"elementor-section elementor-top-section elementor-element elementor-element-40924d81 elementor-section-boxed elementor-section-height-default elementor-section-height-default\" data-id=\"40924d81\" data-element_type=\"section\" data-settings=\"{&quot;background_background&quot;:&quot;classic&quot;}\">\n\t\t\t\t\t\t<div class=\"elementor-container elementor-column-gap-default\">\n\t\t\t\t\t<div class=\"elementor-column elementor-col-100 elementor-top-column elementor-element elementor-element-63568a1b\" data-id=\"63568a1b\" data-element_type=\"column\">\n\t\t\t<div class=\"elementor-widget-wrap elementor-element-populated\">\n\t\t\t\t\t\t\t\t<div class=\"elementor-element elementor-element-3041b493 animated-slow headings elementor-invisible elementor-widget elementor-widget-heading\" data-id=\"3041b493\" data-element_type=\"widget\" data-settings=\"{&quot;_animation&quot;:&quot;fadeIn&quot;}\" data-widget_type=\"heading.default\">\n\t\t\t\t<div class=\"elementor-widget-container\">\n\t\t\t<h2 class=\"elementor-heading-title elementor-size-default\">SIOE RITHWIR CYFLWYNIAD I BENSAERN\u00ceAETH<\/h2>\t\t<\/div>\n\t\t\t\t<\/div>\n\t\t\t\t<div class=\"elementor-element elementor-element-5d7c4528 animated-slow elementor-invisible elementor-widget elementor-widget-text-editor\" data-id=\"5d7c4528\" data-element_type=\"widget\" data-settings=\"{&quot;_animation&quot;:&quot;fadeIn&quot;}\" data-widget_type=\"text-editor.default\">\n\t\t\t\t<div class=\"elementor-widget-container\">\n\t\t\t\t\t\t\t<p><span data-contrast=\"auto\">Ar gyfer eu blwyddyn olaf, bydd ein myfyrwyr yn ymgysylltu \u00e2 thri modiwl cysylltiedig sy\u2019n llunio\u2019r stiwdio ddylunio ar gyfer y drydedd flwyddyn.<\/span> <span data-contrast=\"auto\">Eleni lleolwyd y prosiectau yn nhref Pontypridd:<\/span><span data-ccp-props=\"{&quot;201341983&quot;:2,&quot;335559739&quot;:75,&quot;335559740&quot;:252}\">\u00a0<\/span><\/p><p><span data-contrast=\"auto\"><strong>Stiwdio 3A<\/strong> \u2013 Rhoddwyd safle wag i\u2019n myfyrwyr, rhwng yr afon a\u2019r stryd fawr, yn agos i\u2019r llyfrgell gyhoeddus newydd ym Mhontypridd.<\/span> <span data-contrast=\"auto\">Gofynnwyd i fyfyrwyr gynnal astudiaeth o\u2019r dref a chynhyrchu uwchgynllun ar gyfer ailddatblygu\u2019r safle.<\/span> <span data-contrast=\"auto\">Yna, roedd rhaid i bob myfyriwr gynhyrchu br\u00eeff ar gyfer prosiect adeiladu o\u2019u dewis, i\u2019w leoli ar eu huwchgynllun.<\/span><span data-contrast=\"auto\">\u00a0<\/span><span data-ccp-props=\"{&quot;201341983&quot;:2,&quot;335559739&quot;:75,&quot;335559740&quot;:252}\">\u00a0<\/span><\/p><p><span data-contrast=\"auto\"><strong>Stiwdio 3B<\/strong> \u2013 Datblygodd y myfyrwyr ddyluniad eu dewis brosiect ynghyd ag adroddiad technegol yn pwysleisio nodau dylunio\u2019r prosiect a sut mae\u2019n ymateb i\u2019w br\u00eeff manwl.<\/span><span data-contrast=\"auto\">\u00a0<\/span><span data-ccp-props=\"{&quot;201341983&quot;:2,&quot;335559739&quot;:75,&quot;335559740&quot;:252}\">\u00a0<\/span><\/p><p><span data-contrast=\"auto\"><strong>Stiwdio 3C<\/strong> \u2013 Bydd myfyrwyr yn datblygu eglurdeb technegol eu dyluniad, gan ddatblygu iaith ddylunio gydlynol a manylion adeiladu.<\/span><span data-ccp-props=\"{&quot;201341983&quot;:2,&quot;335559739&quot;:75,&quot;335559740&quot;:252}\">\u00a0<\/span><span data-ccp-props=\"{&quot;201341983&quot;:2,&quot;335559739&quot;:75,&quot;335559740&quot;:252}\">\u00a0<\/span><\/p><p><span data-contrast=\"auto\">Mae\u2019r cynlluniau a geir yn y sioe rithwir yn dangos ystod o fathau o adeiladau ac amrywiaeth o ymatebion dylunio.<\/span><span data-ccp-props=\"{&quot;201341983&quot;:2,&quot;335559739&quot;:75,&quot;335559740&quot;:252}\">\u00a0<\/span><\/p><p><span data-ccp-props=\"{&quot;201341983&quot;:2,&quot;335559739&quot;:75,&quot;335559740&quot;:252}\">\u00a0<\/span><span data-ccp-props=\"{&quot;201341983&quot;:2,&quot;335559739&quot;:75,&quot;335559740&quot;:252}\">\u00a0<\/span><\/p><p><em>Paul Harries \u2013 Mai 2022\u00a0<\/em><\/p>\t\t\t\t\t\t<\/div>\n\t\t\t\t<\/div>\n\t\t\t\t\t<\/div>\n\t\t<\/div>\n\t\t\t\t\t\t\t<\/div>\n\t\t<\/section>\n\t\t\t\t<section class=\"elementor-section elementor-top-section elementor-element elementor-element-5bc2d6a1 elementor-section-boxed elementor-section-height-default elementor-section-height-default\" data-id=\"5bc2d6a1\" data-element_type=\"section\" id=\"graduates\" data-settings=\"{&quot;background_background&quot;:&quot;classic&quot;}\">\n\t\t\t\t\t\t<div class=\"elementor-container elementor-column-gap-default\">\n\t\t\t\t\t<div class=\"elementor-column elementor-col-100 elementor-top-column elementor-element elementor-element-146165f4\" data-id=\"146165f4\" data-element_type=\"column\">\n\t\t\t<div class=\"elementor-widget-wrap elementor-element-populated\">\n\t\t\t\t\t\t\t\t<div class=\"elementor-element elementor-element-56b9397a animated-slow elementor-invisible elementor-widget elementor-widget-jet-portfolio\" data-id=\"56b9397a\" data-element_type=\"widget\" data-settings=\"{&quot;_animation&quot;:&quot;zoomIn&quot;}\" data-widget_type=\"jet-portfolio.default\">\n\t\t\t\t<div class=\"elementor-widget-container\">\n\t\t\t<div class=\"elementor-jet-portfolio jet-elements\">\n<div class=\"jet-portfolio layout-type-grid preset-type-2 layout-desktop-column-4  layout-mobile-column-2\" data-settings=\"{&quot;layoutType&quot;:&quot;grid&quot;,&quot;columns&quot;:&quot;4&quot;,&quot;columnsTablet&quot;:null,&quot;columnsMobile&quot;:&quot;2&quot;,&quot;perPage&quot;:6}\"><div class=\"jet-portfolio__list\"><article class=\"jet-portfolio__item visible-status\" data-slug=\"{&quot;0&quot;:&quot;all&quot;}\">\n\t<div class=\"jet-portfolio__inner\">\n\t\t<a class=\"jet-portfolio__link \" href=\"https:\/\/swanseacollegeofartsummershows.org\/2022\/aneurin-james\/\">\n\t\t\t<div class=\"jet-portfolio__image\">\n\t\t\t\t<img decoding=\"async\" class=\"jet-portfolio__image-instance\" src=\"https:\/\/swanseacollegeofartsummershows.org\/2022\/wp-content\/uploads\/2022\/06\/16.-Aneurin-James-nighttime-visual-768x542.jpg\" width=\"768\" height=\"542\"  alt=\"16. Aneurin James, nighttime visual\" loading=\"lazy\">\t\t\t\t<div class=\"jet-portfolio__image-loader\"><span><\/span><\/div>\n\t\t\t\t<div class=\"jet-portfolio__cover\"><\/div>\n\t\t\t<\/div>\n\t\t<\/a>\n\t\t<div class=\"jet-portfolio__content\">\n\t\t\t<div class=\"jet-portfolio__content-inner\"><a class=\"elementor-button elementor-size-md jet-portfolio__button\" href=\"https:\/\/swanseacollegeofartsummershows.org\/2022\/aneurin-james\/\"><span class=\"jet-portfolio__button-text\">Aneurin James<\/span><\/a><\/div>\n\t\t<\/div>\n\t<\/div>\n<\/article><article class=\"jet-portfolio__item visible-status\" data-slug=\"{&quot;0&quot;:&quot;all&quot;}\">\n\t<div class=\"jet-portfolio__inner\">\n\t\t<a class=\"jet-portfolio__link \" href=\"https:\/\/swanseacollegeofartsummershows.org\/2022\/ben-howells\/\">\n\t\t\t<div class=\"jet-portfolio__image\">\n\t\t\t\t<img decoding=\"async\" class=\"jet-portfolio__image-instance\" src=\"https:\/\/swanseacollegeofartsummershows.org\/2022\/wp-content\/uploads\/2022\/06\/Ben-Howells-Aquaponic-Fish-Exhibition-768x543.jpg\" width=\"768\" height=\"543\"  alt=\"Ben Howells Aquaponic Fish Exhibition\" loading=\"lazy\">\t\t\t\t<div class=\"jet-portfolio__image-loader\"><span><\/span><\/div>\n\t\t\t\t<div class=\"jet-portfolio__cover\"><\/div>\n\t\t\t<\/div>\n\t\t<\/a>\n\t\t<div class=\"jet-portfolio__content\">\n\t\t\t<div class=\"jet-portfolio__content-inner\"><a class=\"elementor-button elementor-size-md jet-portfolio__button\" href=\"https:\/\/swanseacollegeofartsummershows.org\/2022\/ben-howells\/\"><span class=\"jet-portfolio__button-text\">Ben Howells<\/span><\/a><\/div>\n\t\t<\/div>\n\t<\/div>\n<\/article><article class=\"jet-portfolio__item visible-status\" data-slug=\"{&quot;0&quot;:&quot;all&quot;}\">\n\t<div class=\"jet-portfolio__inner\">\n\t\t<a class=\"jet-portfolio__link \" href=\"https:\/\/swanseacollegeofartsummershows.org\/2022\/blaine-smith\/\">\n\t\t\t<div class=\"jet-portfolio__image\">\n\t\t\t\t<img decoding=\"async\" class=\"jet-portfolio__image-instance\" src=\"https:\/\/swanseacollegeofartsummershows.org\/2022\/wp-content\/uploads\/2022\/06\/Title-Image-Image-11-Blaine-Smith-1908766-768x543.jpg\" width=\"768\" height=\"543\"  alt=\"Title Image-Image 11 Blaine Smith 1908766\" loading=\"lazy\">\t\t\t\t<div class=\"jet-portfolio__image-loader\"><span><\/span><\/div>\n\t\t\t\t<div class=\"jet-portfolio__cover\"><\/div>\n\t\t\t<\/div>\n\t\t<\/a>\n\t\t<div class=\"jet-portfolio__content\">\n\t\t\t<div class=\"jet-portfolio__content-inner\"><a class=\"elementor-button elementor-size-md jet-portfolio__button\" href=\"https:\/\/swanseacollegeofartsummershows.org\/2022\/blaine-smith\/\"><span class=\"jet-portfolio__button-text\">Blaine Smith<\/span><\/a><\/div>\n\t\t<\/div>\n\t<\/div>\n<\/article><article class=\"jet-portfolio__item visible-status\" data-slug=\"{&quot;0&quot;:&quot;all&quot;}\">\n\t<div class=\"jet-portfolio__inner\">\n\t\t<a class=\"jet-portfolio__link \" href=\"https:\/\/swanseacollegeofartsummershows.org\/2022\/brandon-roberts\/\">\n\t\t\t<div class=\"jet-portfolio__image\">\n\t\t\t\t<img decoding=\"async\" class=\"jet-portfolio__image-instance\" src=\"https:\/\/swanseacollegeofartsummershows.org\/2022\/wp-content\/uploads\/2022\/06\/BrandonRobertsEastFacingElevation-768x366.jpg\" width=\"768\" height=\"366\"  alt=\"BrandonRobertsEastFacingElevation\" loading=\"lazy\">\t\t\t\t<div class=\"jet-portfolio__image-loader\"><span><\/span><\/div>\n\t\t\t\t<div class=\"jet-portfolio__cover\"><\/div>\n\t\t\t<\/div>\n\t\t<\/a>\n\t\t<div class=\"jet-portfolio__content\">\n\t\t\t<div class=\"jet-portfolio__content-inner\"><a class=\"elementor-button elementor-size-md jet-portfolio__button\" href=\"https:\/\/swanseacollegeofartsummershows.org\/2022\/brandon-roberts\/\"><span class=\"jet-portfolio__button-text\">Brandon Roberts<\/span><\/a><\/div>\n\t\t<\/div>\n\t<\/div>\n<\/article><article class=\"jet-portfolio__item visible-status\" data-slug=\"{&quot;0&quot;:&quot;all&quot;}\">\n\t<div class=\"jet-portfolio__inner\">\n\t\t<a class=\"jet-portfolio__link \" href=\"https:\/\/swanseacollegeofartsummershows.org\/2022\/clare-padilla\/\">\n\t\t\t<div class=\"jet-portfolio__image\">\n\t\t\t\t<img decoding=\"async\" class=\"jet-portfolio__image-instance\" src=\"https:\/\/swanseacollegeofartsummershows.org\/2022\/wp-content\/uploads\/2022\/06\/Clare-Padilla-Proposed-building-768x432.jpg\" width=\"768\" height=\"432\"  alt=\"Clare Padilla - Proposed building\" loading=\"lazy\">\t\t\t\t<div class=\"jet-portfolio__image-loader\"><span><\/span><\/div>\n\t\t\t\t<div class=\"jet-portfolio__cover\"><\/div>\n\t\t\t<\/div>\n\t\t<\/a>\n\t\t<div class=\"jet-portfolio__content\">\n\t\t\t<div class=\"jet-portfolio__content-inner\"><a class=\"elementor-button elementor-size-md jet-portfolio__button\" href=\"https:\/\/swanseacollegeofartsummershows.org\/2022\/clare-padilla\/\"><span class=\"jet-portfolio__button-text\">Clare Padilla<\/span><\/a><\/div>\n\t\t<\/div>\n\t<\/div>\n<\/article><article class=\"jet-portfolio__item visible-status\" data-slug=\"{&quot;0&quot;:&quot;all&quot;}\">\n\t<div class=\"jet-portfolio__inner\">\n\t\t<a class=\"jet-portfolio__link \" href=\"https:\/\/swanseacollegeofartsummershows.org\/2022\/hollie-parsons\/\">\n\t\t\t<div class=\"jet-portfolio__image\">\n\t\t\t\t<img decoding=\"async\" class=\"jet-portfolio__image-instance\" src=\"https:\/\/swanseacollegeofartsummershows.org\/2022\/wp-content\/uploads\/2022\/06\/Title-Page-Hollie-Parsons-Pontypridd-Theatre-1-768x543.jpg\" width=\"768\" height=\"543\"  alt=\"Title Page-Hollie Parsons Pontypridd Theatre 1\" loading=\"lazy\">\t\t\t\t<div class=\"jet-portfolio__image-loader\"><span><\/span><\/div>\n\t\t\t\t<div class=\"jet-portfolio__cover\"><\/div>\n\t\t\t<\/div>\n\t\t<\/a>\n\t\t<div class=\"jet-portfolio__content\">\n\t\t\t<div class=\"jet-portfolio__content-inner\"><a class=\"elementor-button elementor-size-md jet-portfolio__button\" href=\"https:\/\/swanseacollegeofartsummershows.org\/2022\/hollie-parsons\/\"><span class=\"jet-portfolio__button-text\">Hollie Parsons<\/span><\/a><\/div>\n\t\t<\/div>\n\t<\/div>\n<\/article><article class=\"jet-portfolio__item visible-status\" data-slug=\"{&quot;0&quot;:&quot;all&quot;}\">\n\t<div class=\"jet-portfolio__inner\">\n\t\t<a class=\"jet-portfolio__link \" href=\"https:\/\/swanseacollegeofartsummershows.org\/2022\/kelsey-eady\/\">\n\t\t\t<div class=\"jet-portfolio__image\">\n\t\t\t\t<img decoding=\"async\" class=\"jet-portfolio__image-instance\" src=\"https:\/\/swanseacollegeofartsummershows.org\/2022\/wp-content\/uploads\/2022\/06\/KELSEY-EADY-OPENING-IMAGE.jpg\" width=\"900\" height=\"1274\"  alt=\"KELSEY EADY OPENING IMAGE\" loading=\"lazy\">\t\t\t\t<div class=\"jet-portfolio__image-loader\"><span><\/span><\/div>\n\t\t\t\t<div class=\"jet-portfolio__cover\"><\/div>\n\t\t\t<\/div>\n\t\t<\/a>\n\t\t<div class=\"jet-portfolio__content\">\n\t\t\t<div class=\"jet-portfolio__content-inner\"><a class=\"elementor-button elementor-size-md jet-portfolio__button\" href=\"https:\/\/swanseacollegeofartsummershows.org\/2022\/kelsey-eady\/\"><span class=\"jet-portfolio__button-text\">Kelsey Eady<\/span><\/a><\/div>\n\t\t<\/div>\n\t<\/div>\n<\/article><article class=\"jet-portfolio__item visible-status\" data-slug=\"{&quot;0&quot;:&quot;all&quot;}\">\n\t<div class=\"jet-portfolio__inner\">\n\t\t<a class=\"jet-portfolio__link \" href=\"https:\/\/swanseacollegeofartsummershows.org\/2022\/ionut-marius-rosu\/\">\n\t\t\t<div class=\"jet-portfolio__image\">\n\t\t\t\t<img decoding=\"async\" class=\"jet-portfolio__image-instance\" src=\"https:\/\/swanseacollegeofartsummershows.org\/2022\/wp-content\/uploads\/2022\/06\/Title-Page-Ionut-Marius-Rosu-Back-to-the-Future-for-Pontypridd-Section-768x542.jpg\" width=\"768\" height=\"542\"  alt=\"Title Page - Ionut Marius Rosu - Back to the Future for Pontypridd Section\" loading=\"lazy\">\t\t\t\t<div class=\"jet-portfolio__image-loader\"><span><\/span><\/div>\n\t\t\t\t<div class=\"jet-portfolio__cover\"><\/div>\n\t\t\t<\/div>\n\t\t<\/a>\n\t\t<div class=\"jet-portfolio__content\">\n\t\t\t<div class=\"jet-portfolio__content-inner\"><a class=\"elementor-button elementor-size-md jet-portfolio__button\" href=\"https:\/\/swanseacollegeofartsummershows.org\/2022\/ionut-marius-rosu\/\"><span class=\"jet-portfolio__button-text\">Marius Rosu<\/span><\/a><\/div>\n\t\t<\/div>\n\t<\/div>\n<\/article><article class=\"jet-portfolio__item visible-status\" data-slug=\"{&quot;0&quot;:&quot;all&quot;}\">\n\t<div class=\"jet-portfolio__inner\">\n\t\t<a class=\"jet-portfolio__link \" href=\"https:\/\/swanseacollegeofartsummershows.org\/2022\/reuben-dutch\/\">\n\t\t\t<div class=\"jet-portfolio__image\">\n\t\t\t\t<img decoding=\"async\" class=\"jet-portfolio__image-instance\" src=\"https:\/\/swanseacollegeofartsummershows.org\/2022\/wp-content\/uploads\/2022\/06\/Reuben-Dutch-Page-3-3A-768x1087.jpg\" width=\"768\" height=\"1087\"  alt=\"Reuben Dutch Page 3 3A\" loading=\"lazy\">\t\t\t\t<div class=\"jet-portfolio__image-loader\"><span><\/span><\/div>\n\t\t\t\t<div class=\"jet-portfolio__cover\"><\/div>\n\t\t\t<\/div>\n\t\t<\/a>\n\t\t<div class=\"jet-portfolio__content\">\n\t\t\t<div class=\"jet-portfolio__content-inner\"><a class=\"elementor-button elementor-size-md jet-portfolio__button\" href=\"https:\/\/swanseacollegeofartsummershows.org\/2022\/reuben-dutch\/\"><span class=\"jet-portfolio__button-text\">Reuben Dutch<\/span><\/a><\/div>\n\t\t<\/div>\n\t<\/div>\n<\/article><article class=\"jet-portfolio__item visible-status\" data-slug=\"{&quot;0&quot;:&quot;all&quot;}\">\n\t<div class=\"jet-portfolio__inner\">\n\t\t<a class=\"jet-portfolio__link \" href=\"https:\/\/swanseacollegeofartsummershows.org\/2022\/steffan-phillips\/\">\n\t\t\t<div class=\"jet-portfolio__image\">\n\t\t\t\t<img decoding=\"async\" class=\"jet-portfolio__image-instance\" src=\"https:\/\/swanseacollegeofartsummershows.org\/2022\/wp-content\/uploads\/2022\/06\/Steffan-Phillips-Virtual-Show-3A-Ariel-View-of-Masterplan-768x395.jpg\" width=\"768\" height=\"395\"  alt=\"Steffan Phillips Virtual Show - 3A Ariel View of Masterplan\" loading=\"lazy\">\t\t\t\t<div class=\"jet-portfolio__image-loader\"><span><\/span><\/div>\n\t\t\t\t<div class=\"jet-portfolio__cover\"><\/div>\n\t\t\t<\/div>\n\t\t<\/a>\n\t\t<div class=\"jet-portfolio__content\">\n\t\t\t<div class=\"jet-portfolio__content-inner\"><a class=\"elementor-button elementor-size-md jet-portfolio__button\" href=\"https:\/\/swanseacollegeofartsummershows.org\/2022\/steffan-phillips\/\"><span class=\"jet-portfolio__button-text\">Steffan Phillips<\/span><\/a><\/div>\n\t\t<\/div>\n\t<\/div>\n<\/article><\/div><\/div>\n<\/div>\t\t<\/div>\n\t\t\t\t<\/div>\n\t\t\t\t\t<\/div>\n\t\t<\/div>\n\t\t\t\t\t\t\t<\/div>\n\t\t<\/section>\n\t\t\t\t<section class=\"elementor-section elementor-top-section elementor-element elementor-element-27216e01 elementor-section-boxed elementor-section-height-default elementor-section-height-default\" data-id=\"27216e01\" data-element_type=\"section\" data-settings=\"{&quot;background_background&quot;:&quot;classic&quot;}\">\n\t\t\t\t\t\t<div class=\"elementor-container elementor-column-gap-default\">\n\t\t\t\t\t<div class=\"elementor-column elementor-col-50 elementor-top-column elementor-element elementor-element-318aa06b\" data-id=\"318aa06b\" data-element_type=\"column\">\n\t\t\t<div class=\"elementor-widget-wrap elementor-element-populated\">\n\t\t\t\t\t\t\t\t<div class=\"elementor-element elementor-element-523acc25 elementor-widget elementor-widget-image\" data-id=\"523acc25\" data-element_type=\"widget\" data-widget_type=\"image.default\">\n\t\t\t\t<div class=\"elementor-widget-container\">\n\t\t\t\t\t\t\t\t\t\t\t\t\t\t\t\t<a href=\"https:\/\/www.uwtsd.ac.uk\/cy\/cyfadran-celf-a-dylunio\/\">\n\t\t\t\t\t\t\t<img loading=\"lazy\" decoding=\"async\" width=\"300\" height=\"60\" src=\"https:\/\/swanseacollegeofartsummershows.org\/2022\/wp-content\/uploads\/2021\/06\/logo-black-300x60.png\" class=\"attachment-medium size-medium\" alt=\"\" srcset=\"https:\/\/swanseacollegeofartsummershows.org\/2022\/wp-content\/uploads\/2021\/06\/logo-black-300x60.png 300w, https:\/\/swanseacollegeofartsummershows.org\/2022\/wp-content\/uploads\/2021\/06\/logo-black-1024x203.png 1024w, https:\/\/swanseacollegeofartsummershows.org\/2022\/wp-content\/uploads\/2021\/06\/logo-black-768x152.png 768w, https:\/\/swanseacollegeofartsummershows.org\/2022\/wp-content\/uploads\/2021\/06\/logo-black.png 1114w\" sizes=\"auto, (max-width: 300px) 100vw, 300px\" \/>\t\t\t\t\t\t\t\t<\/a>\n\t\t\t\t\t\t\t\t\t\t\t\t\t\t\t<\/div>\n\t\t\t\t<\/div>\n\t\t\t\t\t<\/div>\n\t\t<\/div>\n\t\t\t\t<div class=\"elementor-column elementor-col-50 elementor-top-column elementor-element elementor-element-66eab4c8\" data-id=\"66eab4c8\" data-element_type=\"column\">\n\t\t\t<div class=\"elementor-widget-wrap elementor-element-populated\">\n\t\t\t\t\t\t\t\t<div class=\"elementor-element elementor-element-56d3739 elementor-widget elementor-widget-text-editor\" data-id=\"56d3739\" data-element_type=\"widget\" data-widget_type=\"text-editor.default\">\n\t\t\t\t<div class=\"elementor-widget-container\">\n\t\t\t\t\t\t\t<p><span style=\"color: #000080;\"><a style=\"color: #000080;\" href=\"https:\/\/www.uwtsd.ac.uk\/cy\/bsc-pensaerniaeth\/\">Gwefan y Cwrs<\/a><a style=\"color: #000080;\" href=\"https:\/\/www.uwtsd.ac.uk\/cy\/pwnciau\/cyrsiau-pensaerniaeth\/\"> \u2192<\/a><\/span><span style=\"color: #000080;\"><br \/><a style=\"color: #000080;\" href=\"https:\/\/swanseacollegeofartsummershows.org\/2022\/cy\">Hafan yr Arddangosfa<\/a><a style=\"color: #000080;\" href=\"https:\/\/swanseacollegeofartsummershows.org\/2022\/cy\"> \u2192<\/a><br \/><\/span><\/p>\t\t\t\t\t\t<\/div>\n\t\t\t\t<\/div>\n\t\t\t\t\t<\/div>\n\t\t<\/div>\n\t\t\t\t\t\t\t<\/div>\n\t\t<\/section>\n\t\t\t\t\t\t\t<\/div>\n\t\t","protected":false},"excerpt":{"rendered":"<p>Pensaern\u00efaeth SIOE RITHWIR CYFLWYNIAD I BENSAERN\u00ceAETH Ar gyfer eu blwyddyn olaf, bydd ein myfyrwyr yn ymgysylltu \u00e2 thri modiwl cysylltiedig sy\u2019n llunio\u2019r stiwdio ddylunio ar gyfer y drydedd flwyddyn. Eleni lleolwyd y prosiectau yn nhref Pontypridd:\u00a0 Stiwdio 3A \u2013 Rhoddwyd safle wag i\u2019n myfyrwyr, rhwng yr afon a\u2019r stryd fawr, yn agos i\u2019r llyfrgell gyhoeddus [&hellip;]<\/p>\n","protected":false},"author":3,"featured_media":10306,"parent":13806,"menu_order":0,"comment_status":"closed","ping_status":"closed","template":"elementor_canvas","meta":{"_mi_skip_tracking":false,"footnotes":""},"class_list":["post-14642","page","type-page","status-publish","has-post-thumbnail","hentry"],"_links":{"self":[{"href":"https:\/\/swanseacollegeofartsummershows.org\/2022\/wp-json\/wp\/v2\/pages\/14642","targetHints":{"allow":["GET"]}}],"collection":[{"href":"https:\/\/swanseacollegeofartsummershows.org\/2022\/wp-json\/wp\/v2\/pages"}],"about":[{"href":"https:\/\/swanseacollegeofartsummershows.org\/2022\/wp-json\/wp\/v2\/types\/page"}],"author":[{"embeddable":true,"href":"https:\/\/swanseacollegeofartsummershows.org\/2022\/wp-json\/wp\/v2\/users\/3"}],"replies":[{"embeddable":true,"href":"https:\/\/swanseacollegeofartsummershows.org\/2022\/wp-json\/wp\/v2\/comments?post=14642"}],"version-history":[{"count":14,"href":"https:\/\/swanseacollegeofartsummershows.org\/2022\/wp-json\/wp\/v2\/pages\/14642\/revisions"}],"predecessor-version":[{"id":15715,"href":"https:\/\/swanseacollegeofartsummershows.org\/2022\/wp-json\/wp\/v2\/pages\/14642\/revisions\/15715"}],"up":[{"embeddable":true,"href":"https:\/\/swanseacollegeofartsummershows.org\/2022\/wp-json\/wp\/v2\/pages\/13806"}],"wp:featuredmedia":[{"embeddable":true,"href":"https:\/\/swanseacollegeofartsummershows.org\/2022\/wp-json\/wp\/v2\/media\/10306"}],"wp:attachment":[{"href":"https:\/\/swanseacollegeofartsummershows.org\/2022\/wp-json\/wp\/v2\/media?parent=14642"}],"curies":[{"name":"wp","href":"https:\/\/api.w.org\/{rel}","templated":true}]}}